Does 40 divide 437280520?
True
Is 2776439160 a multiple of 792?
True
Does 573 divide 640067857?
False
Is 606 a factor of 75913014?
True
Is 42982214 a multiple of 205?
False
Does 4 divide 12794380?
True
Does 33 divide 430175163?
True
Is 10 a factor of 488820440?
True
Is 982888400 a multiple of 29?
False
Is 171853485 a multiple of 79?
False
Does 80 divide 709845440?
True
Does 107 divide 567715143?
True
Is 161 a factor of 1111184609?
False
Is 263646482 a multiple of 10238?
False
Is 53 a factor of 578720144?
True
Is 13 a factor of 267061695?
False
Is 176 a factor of 4064544?
True
Does 11 divide 62014993?
False
Is 112166238 a multiple of 37?
False
Is 6368 a factor of 329200128?
True
Is 5840 a factor of 909602999?
False
Is 13 a factor of 323960804?
False
Is 239012100 a multiple of 90?
True
Does 269 divide 186338183?
True
Does 1366 divide 46049709?
False
Is 1018 a factor of 94475490?
True
Is 1668655857 a multiple of 2271?
True
Is 704932810 a multiple of 23?
False
Does 432 divide 175990752?
True
Does 8 divide 85989879?
False
Is 156393864 a multiple of 396?
True
Does 149 divide 114376628?
False
Does 55 divide 7221692?
False
Is 141332590 a multiple of 20?
False
Is 2356 a factor of 45565040?
True
Is 324809339 a multiple of 161?
False
Is 56 a factor of 18490149?
False
Does 9694 divide 641413204?
True
Is 78747912 a multiple of 26?
False
Is 462300919 a multiple of 26?
False
Is 358 a factor of 139352323?
False
Does 813 divide 1772142?
False
Is 62321473 a multiple of 57?
False
Is 14 a factor of 384608786?
False
Is 1761946609 a multiple of 2465?
False
Is 2015 a factor of 73704895?
False
Is 361604212 a multiple of 62?
True
Is 980 a factor of 53859820?
True
Does 5 divide 148626435?
True
Is 1684 a factor of 239338500?
True
Is 72667224 a multiple of 868?
True
Does 5471 divide 1311308974?
False
Does 2497 divide 379698814?
True
Is 674 a factor of 111527927?
False
Is 101 a factor of 349685?
False
Does 22 divide 11355775?
False
Is 1130941243 a multiple of 383?
False
Does 3799 divide 540666082?
True
Is 131749309 a multiple of 9?
False
Is 188295915 a multiple of 94?
False
Is 48 a factor of 1514730672?
True
Does 1672 divide 12200584?
True
Is 23072896 a multiple of 32?
True
Is 19 a factor of 637431994?
False
Is 31807190 a multiple of 10?
True
Is 2883 a factor of 162788467?
False
Is 15093107 a multiple of 28?
False
Does 126 divide 10482211?
False
Is 213833682 a multiple of 9?
True
Is 59 a factor of 1570146114?
True
Is 287 a factor of 874580337?
False
Does 13 divide 2859233?
True
Is 183360638 a multiple of 1314?
False
Does 593 divide 27808142?
True
Is 1655 a factor of 8057051?
False
Is 4625836512 a multiple of 352?
True
Is 1574 a factor of 191058416?
True
Does 7744 divide 1857251264?
True
Is 13879870 a multiple of 78?
False
Is 19 a factor of 176509502?
False
Does 7 divide 72522687?
False
Does 140 divide 4835289?
False
Is 4606 a factor of 47625757?
False
Is 6 a factor of 976572980?
False
Is 319 a factor of 396291267?
False
Is 724961671 a multiple of 437?
False
Is 31454514 a multiple of 6747?
True
Is 81710130 a multiple of 27?
False
Does 242 divide 4430778?
True
Is 141 a factor of 52463696?
False
Is 25578395 a multiple of 66?
False
Is 597096970 a multiple of 207?
False
Is 81609822 a multiple of 7?
True
Is 301257467 a multiple of 136?
False
Is 35337548 a multiple of 596?
False
Is 19 a factor of 189158103?
False
Is 257569441 a multiple of 955?
False
Is 5 a factor of 32000225?
True
Is 1402 a factor of 223295138?
True
Is 3381 a factor of 218057595?
True
Is 194498117 a multiple of 354?
False
Is 95196587 a multiple of 1172?
False
Is 164 a factor of 1548244132?
True
Is 3341 a factor of 1589480750?
True
Does 23 divide 1406910?
True
Is 127340638 a multiple of 57?
False
Is 4 a factor of 3706193?
False
Is 265 a factor of 7590660?
True
Is 9971400 a multiple of 120?
True
Is 9913236 a multiple of 4?
True
Is 3256 a factor of 401422472?
True
Is 38449097 a multiple of 646?
False
Is 557861523 a multiple of 129?
False
Is 4457 a factor of 303672040?
False
Is 7065 a factor of 421406293?
False
Does 12 divide 35989968?
True
Does 63 divide 32415264?
True
Is 35570235 a multiple of 26?
False
Does 244 divide 96258727?
False
Is 245021000 a multiple of 1624?
True
Is 871 a factor of 35963590?
True
Does 11 divide 2639052735?
True
Is 127 a factor of 573425274?
False
Is 1657908 a multiple of 4?
True
Does 85 divide 5101275?
True
Does 27 divide 713718?
True
Is 865441980 a multiple of 130?
True
Is 61526646 a multiple of 27?
False
Is 214 a factor of 68245973?
False
Is 209194106 a multiple of 774?
False
Is 100 a factor of 13699543?
False
Does 637 divide 46365956?
True
Is 87 a factor of 65433657?
True
Is 61419652 a multiple of 249?
False
Is 79 a factor of 45333353?
False
Does 46 divide 920208?
False
Is 3 a factor of 8195624?
False
Is 15229095 a multiple of 645?
True
Is 82639228 a multiple of 77?
False
Is 154234242 a multiple of 465?
False
Does 399 divide 9433610?
False
Does 74 divide 826386921?
False
Is 10242659 a multiple of 576?
False
Does 757 divide 648888084?
False
Does 145 divide 402594530?
True
Is 22 a factor of 117616092?
True
Does 1840 divide 315000640?
True
Is 862 a factor of 56682534?
True
Is 846 a factor of 17865771?
False
Is 1897605272 a multiple of 4073?
False
Does 205 divide 170232998?
False
Does 4811 divide 631440075?
False
Is 1221519776 a multiple of 394?
True
Does 811 divide 90885526?
True
Is 15386136 a multiple of 6?
True
Is 170 a factor of 1394740520?
True
Is 1159 a factor of 1993623716?
True
Is 6 a factor of 232449090?
True
Is 204565658 a multiple of 15?
False
Is 1238009335 a multiple of 7747?
True
Does 787 divide 63054440?
True
Is 2031 a factor of 2150123913?
False
Does 100 divide 2740458200?
True
Does 200 divide 1261345400?
True
Is 3 a factor of 905986547?
False
Does 876 divide 458092160?
False
Is 11 a factor of 32359352?
False
Is 8 a factor of 461501497?
False
Is 8 a factor of 100275494?
False
Is 3216 a factor of 249153109?
False
Does 187 divide 141096549?
True
Is 1028 a factor of 209918396?
False
Does 657 divide 539174277?
True
Does 7 divide 387934915?
False
Is 6624157826 a multiple of 598?
True
Is 63 a factor of 501978834?
True
Is 82344213 a multiple of 112?
False
Is 1942892812 a multiple of 5845?
False
Does 2 divide 40045454?
True
Does 11 divide 359283887?
False
Does 11 divide 915210175?
True
Is 2856 a factor of 47195400?
True
Does 19 divide 22838774?
False
Does 299 divide 137094394?
False
Is 1110716544 a multiple of 168?
True
Does 800 divide 81285529?
False
Is 558 a factor of 113351237?
False
Does 19 divide 43232753?
False
Is 1938 a factor of 190532532?
True
Is 322 a factor of 12424168?
False
Is 68394908 a multiple of 38?
True
Does 5 divide 195725531?
False
Is 11 a factor of 12036222?
True
Does 284 divide 1191019299?
False
Is 14 a factor of 449095556?
True
Does 92 divide 15797413?
False
Does 640 divide 656431360?
True
Is 48574967 a multiple of 7?
True
Does 194 divide 12858902?
True
Is 359785649 a multiple of 4914?
False
Is 90 a factor of 93388883?
False
Is 51531732 a multiple of 28?
True
Is 9 a factor of 1800493?
False
Is 10 a factor of 2618796?
False
Is 546486068 a multiple of 23?
False
Is 27927856 a multiple of 1712?
True
Is 16445772 a multiple of 126?
True
Is 61290683 a multiple of 965?
False
Is 211 a factor of 1603777?
False
Is 21 a factor of 61948383?
True
Is 335 a factor of 105355825?
True
Is 618 a factor of 9578382?
True
Is 221865470 a multiple of 323?
True
Is 1659 a factor of 4298469?
True
Is 99 a factor of 898388766?
True
Is 11 a factor of 57584692?
True
Does 143 divide 2979547428?
True
Is 7858 a factor of 1110359821?
False
Is 279 a factor of 28781489?
False
Is 821610842 a multiple of 7306?
True
Is 1211 a factor of 6954773?
True
Is 296 a factor of 613372899?
False
Is 100 a factor of 13470557?
False
Does 329 divide 8074753717?
False
Is 24622653 a multiple of 29?
True
Is 28 a factor of 19187158?
False
Is 86340838 a multiple of 79?
True
Does 1524 divide 9202534?
False
Does 149 divide 6241052?
False
Does 2328 divide 519961128?
True
Is 175716800 a multiple of 5410?
True
Is 7532720 a multiple of 260?
True
Is 37258360 a multiple of 565?
True
Is 51 a factor of 157415019?
True
Is 67067232 a multiple of 2424?
True
Does 2349 divide 108512055?
True
Is 1527331258 a multiple of 2991?
Fal